8).
9
Let l(c) = 12*c + 87. Give l(-4).
39
Let r(c) = -c**2 - 2*c - 9. Give r(0).
-9
Let c(h) = 53*h + 1. Give c(-1).
-52
Let l(t) = -8*t**2 + 6. What is l(2)?
-26
Let a(z) = -z**3 - 2*z**2 + 16. Calculate a(0).
16
Let c(f) = -3*f**2 + f - 4. Give c(-4).
-56
Let d(t) = -t**3 + 11*t**2 - 8*t - 18. What is d(10)?
2
Let a(w) = -32*w + 140. What is a(7)?
-84
Let s(k) = k**2 + 15*k - 38. Determine s(-17).
-4
Let m(d) = 2*d + 1. Calculate m(-6).
-11
Let l(i) = -i - 4. Determine l(-11).
7
Let d(p) = -p**3 - 6*p**2 + 2*p - 4. Give d(-7).
31
Let t(c) = 7*c**3 + 5*c**2 + 8*c + 6. Determine t(-2).
-46
Let i(b) = 5*b**3 + 13*b**2 - 6*b - 6. Determine i(-3).
-6
Let r(w) = -2*w**2 + 31*w + 32. Determine r(14).
74
Let j(l) = l**3 - 8*l**2 - 10*l + 12. What is j(9)?
3
Let u(a) = a**3 - a**2 + a - 15. Determine u(0).
-15
Let g(r) = r**3 + 44*r**2 + 81*r - 63. Calculate g(-42).
63
Let z(k) = -12*k - 45. Calculate z(-4).
3
Let t(r) = -r**3 + 10*r**2 + 7*r + 35. Calculate t(11).
-9
Let l(o) = -o + 39. Give l(19).
20
Let x(c) = -12*c - 84. What is x(-8)?
12
Let x(b) = 7*b**2 - b - 1. Give x(-2).
29
Let n(k) = k**3 - 2*k**2 + k + 1. Give n(3).
13
Let q(a) = -a**3 - 2*a**2 + 4*a + 4. What is q(-3)?
1
Let u(z) = -z + 2. Give u(-3).
5
Let c(b) = -b**3 + 13*b**2 + 29*b. Calculate c(15).
-15
Let g(s) = -s**3 + 47*s**2 - 46*s - 17. Give g(46).
-17
Let k(i) = 2*i + 2. Determine k(7).
16
Let a(l) = -7*l. Determine a(2).
-14
Let o(z) = z**3 + z**2 - 7*z + 4. Give o(2).
2
Let o(c) = -6*c - 43. Give o(-8).
5
Let n(i) = -2*i**3 + 29*i**2 - 12*i - 39. Give n(14).
-11
Let p(c) = -c**2 - 13*c - 1. Determine p(-13).
-1
Let i(n) = n**3 + 13*n**2 - 8*n - 8. Give i(-14).
-92
Let s(m) = -m + 1. Give s(6).
-5
Let i(z) = z**3 - 2*z**2 + 6*z - 3. Give i(2).
9
Let v(o) = -o**3 + 10*o**2 - 5*o - 24. Give v(7).
88
Let y(s) = 5*s**2 - 5*s - 5. Give y(5).
95
Let c(b) = -4*b**2 + 2*b + 18. Determine c(-6).
-138
Let w(o) = -o**2 - 20*o - 4. What is w(-20)?
-4
Let d(m) = 2*m - 29. What is d(11)?
-7
Let y(o) = 2*o**2 - 7*o - 28. Calculate y(-3).
11
Let u(s) = s**3 + 9*s**2 + 7*s - 1. What is u(-8)?
7
Let q(y) = -y**2 - y + 7. What is q(0)?
7
Let s(r) = r**3 + 8*r**2 + 5*r + 2. What is s(-5)?
52
Let k(p) = -p**3 - 7*p**2 - 7*p - 11. Determine k(-7).
38
Let h(r) = -2*r - 5. Give h(-5).
5
Let a(l) = 2*l + 4. Determine a(3).
10
Let o(r) = r**2 - 13*r + 7. Give o(9).
-29
Let m(h) = -2*h**3 + 7*h**2 + 7*h + 36. Calculate m(5).
-4
Let r(c) = c**2 - 10*c - 8. Calculate r(11).
3
Let z(m) = 24*m + 6. Calculate z(-2).
-42
Let g(c) = 2*c**3 + 6*c**2 + 13*c + 14. What is g(-2)?
-4
Let f(y) = y**3 + 5*y**2 - 2*y - 7. What is f(-6)?
-31
Let v(m) = m**3 - 26*m**2 - 30*m + 58. Give v(27).
-23
Let o(v) = 3*v**3 + 10*v**2 + 9*v + 13. Calculate o(-3).
-5
Let c(y) = -10*y**2 + y - 2. What is c(1)?
-11
Let u(o) = -o**3 - 16*o**2 - 21*o - 69. Determine u(-15).
21
Let b(a) = -20*a - 83. What is b(-4)?
-3
Let l(q) = -q**2 - 5*q + 1. Give l(5).
-49
Let s(b) = -3*b**3 + 11*b**2 + 6*b - 22. Determine s(4).
-14
Let o(u) = 13*u + 34. What is o(-4)?
-18
Let n(h) = 18*h + 1. Give n(2).
37
Let s(v) = 4*v**2 + 34*v - 14. Give s(-8).
-30
Let g(s) = 2*s**3 - 29*s**2 + 41*s - 28. Calculate g(13).
-2
Let i(x) = -2*x**3 - 11*x**2 - 3*x - 12. Determine i(-6).
42
Let l(r) = -4*r - 2. Determine l(-10).
38
Let v(y) = y**3 - y**2 + 3. What is v(4)?
51
Let o(z) = -7*z - 14. Calculate o(-7).
35
Let n(u) = -34*u - 352. Give n(-10).
-12
Let q(h) = -h**2 + 5*h + 5. Determine q(6).
-1
Let t(a) = 2*a - 7. Determine t(8).
9
Let v(j) = 11*j - 1. Determine v(-5).
-56
Let j(d) = -5*d**2 - 12*d. Calculate j(-4).
-32
Let l(x) = -x**2 + x - 4. What is l(-4)?
-24
Let c(u) = -8*u + 19. What is c(3)?
-5
Let o(s) = s**3 + 4*s**2 + 10. Give o(-5).
-15
Let n(s) = -5*s - 15. Determine n(-4).
5
Let i(o) = o**3 - 7*o**2 + 4*o + 1. What is i(6)?
-11
Let z(x) = x**3 + 13*x**2 - 2*x - 3. Give z(-13).
23
Let c(m) = 13*m**2 + m - 2. Give c(-2).
48
Let f(y) = y**3 - 9*y**2 - 44*y + 93. What is f(12)?
-3
Let l(n) = n**3 - 2*n**2 + 5*n - 2. What is l(-3)?
-62
Let o(z) = -z**2 - 2*z + 35. Determine o(-9).
-28
Let c(q) = -22*q + 181. What is c(8)?
5
Let x(u) = u**3 - 8*u**2 - 2*u - 2. Determine x(7).
-65
Let c(n) = -n**2 + 8*n + 5. Give c(7).
12
Let u(m) = m**3 + 11*m**2 + 3*m. Give u(-11).
-33
Let x(v) = v**2 - 2. What is x(2)?
2
Let n(m) = -18*m - 5. Calculate n(-2).
31
Let j(k) = -2*k**2 + 54*k - 59. Calculate j(26).
-7
Let a(s) = 2*s**3 - s**2 - 14*s + 2. Give a(4).
58
Let p(r) = -r**3 - 9*r**2 - 9*r - 8. Determine p(-8).
0
Let p(j) = 4*j**2 + 6*j + 6. Determine p(-5).
76
Let w(p) = -2*p**2 - 15*p + 10. Give w(-7).
17
Let y(i) = -9*i + 40. Determine y(2).
22
Let c(q) = q**3 + 12*q**2 - 3*q - 37. Determine c(-12).
-1
Let n(o) = 11*o**3 + o. Determine n(1).
12
Let x(v) = 10*v + 2. Determine x(-1).
-8
Let o(s) = -3*s + 13. Give o(-15).
58
Let w(v) = v**3 - 14*v**2 - 34*v - 1. Determine w(16).
-33
Let b(a) = 2*a - 5. Calculate b(6).
7
Let k(c) = c**3 - 77*c**2 + 361*c - 76. What is k(72)?
-4
Let h(a) = a**2 - 4*a + 10. Give h(-7).
87
Let o(g) = 2*g**2 - 49*g - 122. Give o(27).
13
Let j(v) = 2*v**2 + 2*v + 2. Calculate j(-1).
2
Let f(k) = -k**3 - 4*k**2 + 20*k + 71. Calculate f(-5).
-4
Let z(g) = g + 71. Determine z(0).
71
Let x(i) = 6*i + 53. Give x(-10).
-7
Let z(i) = 6*i + 4. Determine z(-4).
-20
Let x(c) = 4*c**3 + 2*c**2 + 2*c - 1. Calculate x(-2).
-29
Let u(i) = -i + 44. Determine u(40).
4
Let j(f) = -f**3 - 3*f**2 - f + 4. Determine j(-2).
2
Let l(z) = 5*z**2 - 41*z + 15. Give l(8).
7
Let c(q) = -q**2 + 14*q - 20. Calculate c(16).
-52
Let m(h) = -h**2 + 17*h - 54. Calculate m(10).
16
Let u(h) = -5*h**2 + 2*h + 1. Determine u(-1).
-6
Let v(n) = -29*n + 11. Determine v(2).
-47
Let h(k) = k**3 - 5*k**2 - 18*k + 8. Give h(7).
-20
Let m(d) = -d - 3. What is m(-2)?
-1
Let t(x) = -x - 35. Determine t(-8).
-27
Let w(y) = 10*y - 18. Determine w(-8).
-98
Let p(n) = -14*n - 7. What is p(2)?
-35
Let d(t) = -t**2 - 7*t - 10. Calculate d(-8).
-18
Let d(w) = 3*w**2 + 11*w + 4. Calculate d(-4).
8
Let p(t) = 7*t**3 - 77*t**2 - 4*t + 15. Calculate p(11).
-29
Let j(v) = -2*v**2 - 15*v - 12. Determine j(-8).
-20
Let k(s) = -5*s + 14. Calculate k(12).
-46
Let t(l) = l**2 - 3*l - 14. What is t(6)?
4
Let z(w) = 17*w + 11. Give z(4).
79
Let l(m) = m**2 + 6*m - 4. Calculate l(-8).
12
Let j(x) = 2*x**3 + 13*x**2 - 4*x + 12. Give j(-7).
-9
Let w(i) = 2*i**2 - 15*i + 17. Calculate w(5).
-8
Let a(s) = -2*s**2 - 8*s - 6. Determine a(-4).
-6
Let p(n) = -n**2 + 15*n - 32. Give p(13).
-6
Let s(b) = 12*b - 4. What is s(-3)?
-40
Let h(f) = -f**2 + 8*f + 4. Calculate h(10).
-16
Let a(v) = v**3 - 3*v. Give a(3).
18
Let a(b) = -9*b**2 - 4*b + 14. What is a(-4)?
-114
Let g(l) = -12*l + 255. Determine g(22).
-9
Let u(n) = 2*n**2 + 8*n - 13. Determine u(2).
11
Let h(i) = i**2 + 33*i + 93. Calculate h(-30).
3
Let r(t) = t**2 + 13*t + 7. Give r(-15).
37
Let l(d) = d + 10. Determine l(-13).
-3
Let a(q) = q**3 + 11*q**2 - 9*q - 12. Calculate a(-12).
-48
Let g(b) = 2*b**3 - 2*b**2 + b - 4. What is g(2)?
6
Let m(h) = h**3 - 9*h**2 + 67*h - 369. Give m(7).
2
Let u(h) = -h**2 + 7*h + 21. Calculate u(10).
-9
Let g(w) = -76*w + 682. What is g(9)?
-2
Let i(v) = -v**2 - 6*v - 12. Give i(-5).
-7
Let h(a) = -4*a + 14. Calculate h(11).
-30
Let s(d) = d**2 - 18*d + 17. Give s(16).
-15
Let r(f) = -3*f - 21. Give r(-9).
6
Let z(b) = -b**3 + 2*b**2 + 3*b + 3. Give z(3).
3
Let y(u) = u**3 - 20*u**2 - 18*u - 57. Calculate y(21).
6
Let c(t) = -t**3 + 3*t**2 + t - 11. Calculate c(-2).
7
Let s(l) = -l**2 - 41*l - 172. Calculate s(-36).
8
Let h(f) = 11*f**2 + f + 1. What is h(-1)?
11
Let y(c) = 17*c - 318. What is y(19)?
5
Let i(r) = -7*r**2 + 12*r - 27. What is i(2)?
-31
Let m(z) = -z**3 + 11*z**2 + 10*z - 14. Calculate m(12).
-38
Let i(y) = y**2 - 17*y + 30. Calculate i(16).
14
Let a(u) = 2*u**2 - 3*u + 3. Determine a(-3).
30
Let x(r) = 3*r**2 - 6*r + 6. Determine x(3).
15
Let g(c) = -2*c - 3. Give g(8).
-19
Let f(k) = k**3 + 6*k**2 - 6*k + 5. What is f(-7)?
-2
Let j(l) = l**2 + 41*l + 87. Calculate j(-36).
-93
Let f(d) = -3*d**3 + 2*d**2 + 3*d - 4. What is f(1)?
-2
Let y(g) = -g - 17. Give y(-5).
-12
Let g(r) = -2*r - 27. Determine g(5).
-37
Let z(a) = 4*a + 33. What is z(-6)?
9
Let x(g) = 10*g. Give x(2).
20
Let k(q) = -q